
True
Is 22324207 a composite number?
True
Is 1035161 composite?
True
Is 67896659 composite?
False
Is 3921013 a prime number?
False
Is 21007697 composite?
True
Is 2797969 a composite number?
True
Is 31864979 composite?
False
Is 25549829 a composite number?
False
Is 18272769 a prime number?
False
Is 2437381 a prime number?
True
Is 8997953 prime?
True
Is 13444523 prime?
True
Is 734985943 composite?
False
Is 2879447 a composite number?
False
Is 17522338 a composite number?
True
Is 375983719 a prime number?
True
Is 403397 a composite number?
True
Is 14018399 a composite number?
False
Is 12986293 a composite number?
True
Is 5212919 composite?
True
Is 2013835 prime?
False
Is 21073531 a composite number?
True
Is 104280181 composite?
True
Is 24259421 composite?
False
Is 1197881 a composite number?
False
Is 26679062 prime?
False
Is 572981 prime?
False
Is 63356269 a prime number?
False
Is 14902379 composite?
True
Is 40370581 composite?
True
Is 2341327 composite?
False
Is 105486382 a composite number?
True
Is 17413433 composite?
False
Is 53109239 a prime number?
True
Is 65072113 prime?
True
Is 3163777 prime?
False
Is 16509655 composite?
True
Is 7453133 a prime number?
True
Is 1425391 a composite number?
True
Is 99946829 composite?
True
Is 20441791 a prime number?
True
Is 890521 prime?
False
Is 3592483 a composite number?
False
Is 112315193 a composite number?
False
Is 9506183 a prime number?
False
Is 87449893 a prime number?
True
Is 13030697 composite?
True
Is 348169 prime?
False
Is 166656839 composite?
False
Is 59603317 a prime number?
True
Is 83643013 prime?
True
Is 5398189 a prime number?
False
Is 15157771 composite?
True
Is 116692727 a prime number?
False
Is 12501413 composite?
False
Is 17151427 composite?
True
Is 345773663 composite?
False
Is 56972333 a prime number?
False
Is 50029937 prime?
False
Is 101911027 a prime number?
False
Is 119671 a composite number?
False
Is 21133949 prime?
False
Is 1822939 a composite number?
False
Is 252419533 a prime number?
True
Is 149333363 prime?
False
Is 314942401 a composite number?
False
Is 237317 a composite number?
True
Is 64412017 composite?
True
Is 16871389 prime?
True
Is 40980647 prime?
True
Is 5328913 composite?
False
Is 2281429 composite?
False
Is 63036091 composite?
True
Is 88489 composite?
True
Is 142799 a composite number?
False
Is 159151522 a composite number?
True
Is 6886109 prime?
True
Is 223791181 composite?
True
Is 26418563 prime?
False
Is 9596893 prime?
False
Is 903279097 prime?
False
Is 38767255 prime?
False
Is 10536041 composite?
False
Is 11986451 a composite number?
False
Is 6338183 a prime number?
True
Is 8185399 a composite number?
True
Is 33962939 a composite number?
False
Is 3623639 composite?
False
Is 2562797 a composite number?
True
Is 12545213 a prime number?
False
Is 5353127 a prime number?
False
Is 19325941 prime?
True
Is 26682359 a prime number?
False
Is 2215558219 composite?
True
Is 172394615 composite?
True
Is 11625983 a prime number?
True
Is 4440554 a composite number?
True
Is 57777373 a prime number?
False
Is 842648809 a composite number?
True
Is 2084933 composite?
True
Is 125483 composite?
True
Is 33986759 a prime number?
True
Is 3817799 composite?
True
Is 296017321 prime?
False
Is 24960031 composite?
False
Is 12150263 a composite number?
False
Is 83884499 a composite number?
False
Is 18515993 prime?
True
Is 2723161 prime?
False
Is 16741841 a prime number?
True
Is 5283397 a composite number?
True
Is 8782199 a composite number?
True
Is 5000077 prime?
True
Is 822755927 a prime number?
False
Is 163191541 a prime number?
True
Is 1511087 a composite number?
True
Is 4786867 prime?
False
Is 22202617 prime?
True
Is 2119561 a prime number?
True
Is 15446767 composite?
True
Is 16615673 composite?
True
Is 98111977 composite?
False
Is 14507201 prime?
False
Is 3273791 a prime number?
True
Is 14549659 a prime number?
False
Is 6121441 prime?
True
Is 2130139 a composite number?
True
Is 58074319 composite?
True
Is 231723214 a prime number?
False
Is 83448581 a composite number?
False
Is 11198338 composite?
True
Is 35014909 prime?
True
Is 81886801 prime?
False
Is 1551067 a prime number?
False
Is 39067563 composite?
True
Is 759642953 composite?
False
Is 90320729 prime?
False
Is 5893127 a composite number?
False
Is 2633587 a prime number?
False
Is 1599589 a composite number?
True
Is 66633001 a composite number?
True
Is 11156767 composite?
True
Is 16457153 composite?
False
Is 52411589 a composite number?
False
Is 77771402 a prime number?
False
Is 9845963 a composite number?
False
Is 166443091 a prime number?
False
Is 23474839 a composite number?
True
Is 7393 prime?
True
Is 56230771 prime?
True
Is 2603593 prime?
False
Is 5987194 prime?
False
Is 33281119 composite?
False
Is 11669557 prime?
True
Is 202126183 composite?
True
Is 10198457 a composite number?
False
Is 1001185329 prime?
False
Is 22601858 a composite number?
True
Is 32892169 prime?
True
Is 12083321 a composite number?
False
Is 36796913 composite?
False
Is 23849999 a composite number?
False
Is 779305699 composite?
False
Is 17881517 a prime number?
False
Is 2001637 prime?
False
Is 310687669 a prime number?
True
Is 506609 a composite number?
False
Is 2196149 prime?
True
Is 30630221 composite?
False
Is 3251263 prime?
False
Is 9240103 a composite number?
True
Is 8758279 composite?
False
Is 597529781 composite?
False
Is 368689 composite?
False
Is 37347899 composite?
False
Is 5755298 a prime number?
False
Is 73186693 a composite number?
True
Is 10650217 a prime number?
True
Is 713896499 a composite number?
False
Is 7216589 prime?
True
Is 89969683 composite?
True
Is 26588777 a prime number?
True
Is 1514083 prime?
False
Is 164099969 prime?
False
Is 44393038 composite?
True
Is 89754601 a composite number?
True
Is 334568687 a composite number?
True
Is 948355577 a composite number?
True
Is 92228933 composite?
True
Is 42572003 a prime number?
True
Is 46117873 prime?
False
Is 184438 composite?
True
Is 244819 a prime number?
False
Is 328422145 composite?
True
Is 26631359 a prime number?
True
Is 5441503 a prime number?
False
Is 6672433 a composite number?
False
Is 43236821 a prime number?
True
Is 839599 a prime number?
True
Is 330941 a prime number?
False
Is 7982927 composite?
False
Is 104751019 prime?
False
Is 116155331 a prime number?
True
Is 7965229 composite?
False
Is 67836367 a composite number?
False
Is 13666087 prime?
False
Is 36961531 composite?
True
Is 451055201 a composite number?
False
Is 5151043 prime?
True
Is 1723706 prime?
False
Is 19313069 a composite number?
False
Is 290545 composite?
True
Is 20844797 a prime number?
False
Is 3769127 composite?
True
Is 4855619 composite?
True
Is 1007123 a prime number?
False
Is 522811 a composite number?
False
Is 40168207 prime?
True
Is 21792493 composite?
False
Is 22551149 a composite number?
False
Is 6478267 a prime number?
True
Is 224251 a composite number?
False
Is 1003445 composite?
True
Is 1580737 prime?
True
Is 377911 prime?
True
Is 7159879 prime?
False
Is 727843 composite?
False
Is 7630351 a composite number?
True
Is 114917239 prime?
False
Is 183817159 a prime number?
False
Is 12187727 a prime number?
True
Is 10691731 a prime number?
True
Is 222696239 a composite number?
False
Is 205043 a composite number?
False
Is 851125511 a prime number?
False
Is 14155431 composite?
True
Is 2459909 prime?
True
Is 17577503 a prime number?
False
Is 307652251 composite?
False
Is 751547 prime?
False
Is 2648489 prime?
False
Is 4854839 composite?
True
Is 3684143 a composite number?
True
Is 9998467 a composite number?
True
Is 22893179 a composite number?
True
Is 1539389 composite?
False
Is 1875485 composite?
True
Is 552343199 composite?
False
Is 8160505 prime?
False
Is 268063 a composite number?
False
Is 11289347 prime?
True
Is 141457621 a composite number?
True
Is 7376387 prime?
True
Is 206610941 prime?
True
Is 32793989 prime?
True
Is 1944881 a prime number?
True
Is 4698257 a prime number?
False
Is 2220839 a composite number?
False
Is 1953083 a composite number?
True
Is 4645217 composite?
True
Is 25395101 composite?
False
Is 1833781 composite?
False
Is 647287 prime?
False
Is 202545991 composite?
True
Is 695047 a prime number?
True
Is 4259237 a composite number?
False
Is 798373 composite?
False
Is 9375817 composite?
T